ghest common factor of x and r?
9
Let x(y) = -y + 3. Let v be x(4). Let w be (1/(-2) - v)*40. Calculate the highest common divisor of w and 180.
20
Let i = -4 + 6. Suppose 7*k = i*k + 165. What is the greatest common factor of 22 and k?
11
Let l(h) = 3*h - 2. Let w be l(16). Calculate the greatest common divisor of 23 and w.
23
Let j(c) = c + 32. Let w be j(0). Let t be (-13)/52 + 386/8. What is the highest common factor of t and w?
16
Suppose o - 8 = 8. Suppose -w = -2*w + o. Suppose -4*b - 76 = -y, -3*y - y + 265 = -3*b. What is the greatest common divisor of y and w?
16
Suppose -q + 25 + 26 = 0. Let n be q + -1 + (-10 - -8). What is the highest common divisor of n and 6?
6
Suppose 5*r = 734 - 74. What is the highest common divisor of r and 44?
44
Suppose -11*y + 51 = 7. What is the greatest common factor of y and 2?
2
Let k be (-1 - 14*1)*(-3 - -2). What is the highest common divisor of 120 and k?
15
Let y(t) = 3*t - 7. Suppose 0 = -4*p + 2*x + 118, p + 6 = -3*x + 25. Suppose -m + p = 3*m. Let s be y(m). Calculate the highest common divisor of 35 and s.
7
Suppose 4*f - 2*f - 5*j = 34, 5*f = 3*j + 47. Calculate the greatest common factor of 56 and f.
7
Let a be (32/3)/(10/15). Calculate the highest common divisor of 24 and a.
8
Suppose 0*k + 36 = 6*k. What is the highest common factor of 24 and k?
6
Suppose -i = q - 70, 3*q - 4*q = -i - 78. Suppose -c = -j - 26, 0*c + 3*c = j + q. Let p = 8 + 8. Calculate the greatest common factor of c and p.
8
Suppose 0 = 5*k - i - 2*i - 7, -4*i + 8 = 2*k. Suppose -4*p + 2*a = -224, -3*p + 2*a + 279 = k*p. Calculate the greatest common divisor of 22 and p.
11
Suppose -f - 3*a + 3 + 6 = 0, -4*f - 3*a = -18. Let o = 5 + f. Calculate the highest common divisor of o and 20.
4
Suppose 6 = t - 13. Let f = -9 + 9. Suppose -y + 2*o + t = f, 2*y = 3*y + 5*o + 16. What is the highest common divisor of 27 and y?
9
Suppose -t - 56 = -0*f - f, 3*f + 4*t - 154 = 0. Calculate the greatest common factor of f and 18.
18
Suppose 7*l - 3*l - 8 = 0. Suppose z - 1 = -2*m, -l*z = -z - m - 13. Suppose h - 144 = -h. What is the highest common divisor of h and z?
9
Let i be ((-1)/3)/((-6)/216). Let f be 2 - 1/1 - -5. What is the greatest common factor of f and i?
6
Let m(y) be the second derivative of -7*y**3/6 - y**2/2 + 2*y. Let v be m(-1). What is the highest common divisor of v and 18?
6
Let h be (-8)/6*1245/(-10). Let n be (-2)/(-4) - h/(-4). What is the highest common divisor of 6 and n?
6
Let n = 7 - 3. Suppose -n*i = -4*w - 1 + 149, 2*w - 5*i - 77 = 0. Calculate the highest common divisor of w and 9.
9
Let q be 2 - 6*(-2)/(-4). Let s(z) = 10*z + 2. Let v be s(-2). Let y be (0 + 1)/(q/v). Calculate the greatest common factor of 9 and y.
9
Let d be (-1)/3*0 - -5. Suppose -5*i + 4*i + d = 0. Suppose 0 = -0*k - i*k + 90. What is the highest common divisor of k and 12?
6
Let b be ((-10)/(-4))/(1/8). Let n = b - -2. What is the greatest common divisor of 33 and n?
11
Let f(k) = 2*k. Let q be f(2). Suppose 200*v - 196*v - 16 = 0. Calculate the greatest common divisor of v and q.
4
Let y = 4 + -4. Let r(x) = -x + 63. Let b be r(y). Let o(a) = -a**3 - 4*a**2 + 3*a - 1. Let m be o(-5). Calculate the highest common divisor of m and b.
9
Let w = 9 - 9. Let p = w + -9. Let t be p/(-15) + 201/15. What is the greatest common factor of t and 98?
14
Let t = 175 + 49. What is the greatest common divisor of t and 16?
16
Let x be (3/(-6))/(3/(-144)). Calculate the greatest common divisor of x and 3.
3
Let y be (-70)/(-15) + -4 + (-10)/(-3). Let i be 22/6 - (-1)/3. Suppose -39 - 25 = -i*s. Calculate the greatest common divisor of y and s.
4
Suppose -3*y + 5*y = 28. Suppose 0 = 5*o - 4*o - 21. What is the highest common divisor of y and o?
7
Let m be ((-4)/(-6))/(2/3). Let y be 4/m*1 - 0. What is the greatest common divisor of y and 6?
2
Suppose -20 = -4*n, -s - 5*n = -0*s - 26. Suppose -3*j + 4 = s. Suppose r + j = 12. Calculate the highest common divisor of r and 33.
11
Suppose -4*j = -4*y + 32, -28 = -0*y - y + 5*j. What is the highest common factor of 5 and y?
1
Let d be 291/12 + 1/(-4). Suppose d = -0*v + 3*v. Suppose -4*x - v = -76. Calculate the highest common divisor of 17 and x.
17
Let m = 3 + 0. Suppose -m*b + 1 = -113. Let y(q) = -q**3 - q**2 - 2*q + 1. Let p be y(-4). Calculate the highest common divisor of p and b.
19
Let x = 53 + -38. Calculate the greatest common factor of 150 and x.
15
Let x(k) = k**2 + 6*k - 6. Let p be x(7). Suppose -i + 2*q = 7*q - p, 4*i - 220 = 4*q. What is the highest common divisor of i and 12?
12
Let m be 3 + (2 + 0 - -8). What is the greatest common divisor of 117 and m?
13
Suppose 4*b = 2*b. Let p be 3 + 11 + b + 2. Calculate the greatest common factor of 16 and p.
16
Let n(x) = 78*x**3 - 2*x**2 + 1. Let q be n(1). Suppose 4*c - 48 = -4*z + 3*c, -2*c = -8. What is the greatest common divisor of z and q?
11
Let h(g) = g**3 - 9*g**2 + 5*g + 13. Let d be h(9). Calculate the highest common divisor of 29 and d.
29
Suppose -29*o = -28*o - 54. Calculate the greatest common factor of o and 81.
27
Let g(f) = 2*f - 2. Let i be g(2). What is the highest common factor of 10 and i?
2
Let l = 17 - 2. Let w(u) = -24*u - 9. Let z(g) = -6*g**3 + g**2 - 1. Let i be z(1). Let q be w(i). Calculate the greatest common factor of l and q.
15
Let l be (-112)/(-12) + (-2)/6. Calculate the highest common divisor of 9 and l.
9
Suppose -z = -0*z - 70. Suppose -p + z = 4*p. What is the greatest common factor of p and 21?
7
Suppose 2*t = -2 + 6. Suppose 2*l - 10 - 10 = 0. Calculate the greatest common divisor of t and l.
2
Let n(p) = 2*p**2 - 1. Let z be n(1). Calculate the highest common factor of 17 and z.
1
Let a(b) = -b**3 - 8*b**2 - 7*b - 8. Let x be a(-7). Let v = x + 12. Let z be (-130)/(-6) - v/6. What is the highest common factor of 14 and z?
7
Suppose -l = i + 1 - 0, 0 = 2*l - i - 7. Suppose -l*w = -w - 44. Calculate the greatest common divisor of w and 11.
11
Suppose -4*n - k = -0*n - 45, 0 = -n - 3*k + 3. Suppose n*r + 300 = 14*r. What is the highest common divisor of r and 60?
30
Let a = -40 - -73. Let q(k) be the third derivative of -k**4/24 + k**3/6 - 3*k**2. Let w be q(-2). What is the highest common divisor of a and w?
3
Let s be 24/9*(-6)/(-4). Suppose s*f - 29 - 3 = 0. Suppose v = 3*g - 7, -3*g - f - 1 = 3*v. Calculate the highest common divisor of g and 4.
1
Suppose 2*g + b = -6, 8*b + 19 = -3*g + 4*b. Let d be (-1*(2 - 2))/g. Suppose -2*z - z + 42 = d. What is the highest common divisor of z and 21?
7
Suppose 14*t = 2 + 12. Calculate the greatest common divisor of t and 2.
1
Let t(b) = -b**2 + 7*b - 3. Let y be t(3). Suppose -5*q = -3*l + 2*l - 1, -l + 3*q + y = 0. What is the greatest common factor of 60 and l?
12
Let v = 14 + -6. Suppose -3*f = -28 - v. Calculate the highest common factor of 24 and f.
12
Suppose 0 = -4*w + 63 + 81. Let c = -163 + w. Let m be -1 - 2/2*c. Calculate the greatest common divisor of m and 21.
21
Suppose -3*m + 6 = -3. Suppose 2*z = -5*d - 2*z + 354, 347 = 5*d - m*z. Calculate the greatest common factor of d and 28.
14
Let v = -24 - -27. What is the greatest common divisor of 2 and v?
1
Suppose -5*n - p = -63, 2*n - 4*p - 9 = p. Let i be n*-2*3/(-2). What is the greatest common factor of 24 and i?
12
Suppose -t = -6 + 3. What is the highest common factor of t and 3?
3
Let c be (12/8 + 2)*6. What is the greatest common divisor of c and 84?
21
Suppose 5*w + 9 = 3*a, -4*a = 3*w - 16 - 25. Let n = 38 - 14. What is the greatest common divisor of a and n?
8
Let m(z) = z**2 + 4*z - 18. Let j be m(-7). What is the highest common divisor of j and 27?
3
Let a(d) = d**3 - 3*d**2 + d + 5. Let g be a(5). Suppose g = -2*q + 164. Calculate the highest common divisor of 13 and q.
13
Let m be (-117)/(-45) + (-3)/5. Suppose -16 = -2*o - m*o. Calculate the greatest common factor of 8 and o.
4
Let v(c) = c**3 - 4*c**2 + 2. Let a be v(4). Let j be a/3 + 16/3. Suppose -2*f - f + 30 = 3*d, 40 = f - 5*d. What is the greatest common divisor of f and j?
3
Suppose -5*o = 2*p - 80, -3*o + 7*o - 2*p = 46. Suppose -3*n = -3*t - 9, -2*t + 4*n - 24 = -4*t. Calculate the greatest common divisor of t and o.
2
Let t = -16 - -25. Calculate the greatest common factor of 3 and t.
3
Suppose 0 = -3*b + 4*b - 8. Let n